luate (0 - -3) + (0 - (0 + -2)).
5
Evaluate -6 + (-1 - -2) + 4.
-1
(-3 - (2 - 4)) + -3
-4
Evaluate -4 + (-5 - 0) + (-2 - -8).
-3
Evaluate (-4 - (-1 + -3)) + 1.
1
What is the value of (-1 - 0) + (-4 - (-1 + -4))?
0
What is 9 - (5 - 1) - 5?
0
Evaluate 4 + (1 - -4 - (1 - -10)).
-2
Evaluate (1 - 1) + (-40 - -37).
-3
-1 - -10 - (6 - (-2 + 5))
6
What is the value of -1 + (-4 + 3 - -1) - 0?
-1
Calculate 1 - (1 + -6 + 20 + -7).
-7
5 + -2 + 0 + (-45 - -43)
1
Calculate 5 - 3 - (-1 + 7).
-4
Calculate 9 - (7 + -8) - 6.
4
What is the value of 2 + 10 + -10 - (-2 - -3)?
1
What is the value of -3 + 2 + (1 + 1 - 5)?
-4
Evaluate (2 - 1 - (2 + -5)) + 0.
4
What is the value of 9 + -31 + 11 + 12?
1
Evaluate -6 + 11 + (6 - 9).
2
0 + 4 + -1 + -2 - 5
-4
What is -4 - (4 + -3) - -5?
0
-6 + 1 + -7 + 8 + -3
-7
Evaluate (-6 - (-4 + 5)) + 4.
-3
What is the value of -4 - (-3 - (-5 - -3) - 0)?
-3
What is -1 + 4 + (2 + -8 - 1)?
-4
Calculate -2 - 1 - (-37 - -37).
-3
What is the value of 1 + (0 - (0 + (-2 - 3)))?
6
What is the value of 6 + 0 - (-2 - -2)?
6
What is the value of (2 + -12 - -12) + -4?
-2
Calculate (3 - (0 + 3)) + 2 + -1.
1
Calculate (5 - 5) + (2 - 2).
0
Evaluate 5 + (0 + -5 - -5).
5
What is 10 + (11 - 17) + 5 + 1?
10
What is the value of 2 + -3 - 1 - 1?
-3
-4 + -4 + 1 + 5
-2
What is the value of -34 + 34 + -2 + 1 + 0?
-1
7 - ((-7 + 1 - -7) + 10)
-4
(7 - 5 - -1) + -3 - -3
3
What is (-7 - -3 - 1) + 5 + -4?
-4
What is -4 - (-7 - -9) - -2?
-4
What is 1 + 3 + (-9 + 8 - -1)?
4
Evaluate 0 + (-4 - -11 - 4).
3
What is the value of (4 - (1 + 0)) + 1?
4
Calculate -4 + 0 + (11 - 7).
0
Calculate 5 + -1 + -2 + -4.
-2
1 + (4 - ((-2 - -3) + 8))
-4
7 + 3 - 7 - (6 - 1)
-2
Calculate (0 - (-2 + -2)) + (0 - 3).
1
What is the value of (-25 - (-2 - 12)) + 4?
-7
What is the value of -3 + 4 - -5 - 5?
1
Calculate -15 - (3 + -3 + -12).
-3
Calculate -3 + 5 + 2 + -4 + -2.
-2
Evaluate -3 + 1 - (-6 - -8 - 1).
-3
-6 + (7 - (2 - 4) - 5)
-2
(0 - -1) + -3 + 9
7
What is the value of -2 - -3 - (-6 + (21 - 7))?
-7
4 - (1 + 1 + -45 + 54)
-7
Evaluate (-1 - (5 - 9)) + 0.
3
What is the value of -6 - (-4 - -1) - -3?
0
Calculate 2 - (3 + -8 - -2) - 3.
2
Calculate 2 - (5 + (-4 - (0 + -3))).
-2
Evaluate -9 - (0 + 9 + -14).
-4
What is the value of -1 - (-1 + -3 + -1)?
4
Evaluate (5 - -4) + (-6 - -1) + 0.
4
Calculate -15 + -11 + 8 + 15.
-3
Calculate -17 - -9 - -2 - -1.
-5
What is -22 + 9 + 5 + 16?
8
1 - 2 - 1 - (9 - 9)
-2
Calculate -25 - -30 - (2 - (2 - 2)).
3
2 - (4 - (-3 + 8))
3
What is the value of 1 + 3 + -7 - -2?
-1
Calculate (8 + -6 - -7) + -1.
8
4 - (3 - (0 - 5))
-4
Evaluate 6 + -2 + (-12 - -6).
-2
Evaluate -8 + 1 - (-13 + 7).
-1
-3 - (6 + (-4 - 5) + 1)
-1
-3 + 1 + -23 + 29
4
What is the value of 2 + -4 + 3 + 1 + 4?
6
What is 3 - (7 - 5) - -2?
3
Calculate -3 + (0 - (-3 - -5) - -6).
1
-1 + (-11 - (-8 + 1))
-5
What is (2 - 0) + (-35 - -37)?
4
(-140 - -160) + (-1 - 9)
10
What is -4 - (-1 - (2 + 2))?
1
Calculate 18 - 13 - (5 + -1).
1
Evaluate (7 - 0 - 5) + 1 + -4.
-1
Evaluate (-10 - -13) + (2 - (5 + 2)).
-2
(-31 + 11 - -9) + 9
-2
8 - (2 - (5 + -5) - -3)
3
Evaluate 6 - (-11 - -12 - -1).
4
(-3 - (4 + -5)) + -2 + -1
-5
Evaluate (-4 - 0) + (-6 - -13).
3
Evaluate 15 + (-21 - (-2 - 8)).
4
Calculate -5 + 1 + -44 + 49.
1
What is 7 - 1 - (3 + -8 + 9)?
2
What is 2 - (-1 + 2 - -8 - 4)?
-3
Calculate -12 - (6 + (-6 - 7)).
-5
1 - (2 - (-4 - -4))
-1
Calculate -2 + 4 - (44 + -37).
-5
Evaluate -9 - (0 + -2) - -4.
-3
Calculate 10 - 9 - (0 + -4).
5
What is the value of (-3 - 3) + 12 + -1 + -10?
-5
What is -2 - (6 + -18 - -12)?
-2
Evaluate -5 + 3 - (5 + -12).
5
-5 + (3 - (1 - 1))
-2
16 + -16 - (3 + -1 + 0)
-2
Evaluate 4 - (3 - 3) - (-2 - -6).
0
(9 - 8 - -6) + -10
-3
-2 + 8 + -4 + (0 - -1)
3
Evaluate 5 + (-9 - -6) - 1.
1
What is the value of 1 + 1 + -13 + 27 + -15?
1
What is the value of (0 - -3) + -1 - (-1 - -2)?
1
What is the value of 3 - (2 + 5) - (-3 + 7)?
-8
What is the value of 0 + (-3 + 2 - -1) + -2?
-2
Evaluate (-6 + 5 - 4) + 0.
-5
17 - 13 - (5 + -1)
0
Calculate -11 + 4 + (3 - -2 - -2).
0
What is the value of 3 - (1 - (3 + -2 + -1))?
2
(-5 + -5 - 1) + 16
5
Calculate 0 - ((-3 - 1) + 1 + 1).
2
3 - (-4 + 0 - (-3 + 3))
7
Calculate 0 - ((-1 - -10) + -4).
-5
What is -1 + 2 - (-14 + 8 + 7)?
0
What is -5 - -8 - (-1 - -5)?
-1
Calculate 71 - 75 - (-2 - 10 - 3).
11
What is the value of -6 - (4 - 2 - 9)?
1
Calculate 11 - (4 + 5 + -4).
6
0 + 4 + (-22 - -18)
0
(0 - 0 - 3) + 43 + -38
2
What is 0 - (3 - (-4 + 9))?
2
Calculate -6 - ((3 - 14) + 6) - 1.
-2
What is (1 + 8 + -3 - 6) + 8?
8
What is the value of (12 - 7) + (-5 - 0)?
0
What is the value of (0 - 2) + (-13 - -12)?
-3
Evaluate 9 + (-4 - (3 - 3)).
5
3 + -2 - (-5 + 4)
2
What is the value of -75 - -81 - ((0 - -11) + 0)?
-5
What is the value of 24 - 26 - (-7 + 1)?
4
What is the value of -5 - -1 - (-9 - -19 - 9)?
-5
Calculate -1 + (4 - (4 - -2 - 4)).
1
Calculate -2 - -2 - (5 - 9).
4
Calculate -8 + -5 + 7 + -2.
-8
What is 1 - (7 + -4 - -2)?
-4
Evaluate -1 - (-1 + 0 - (2 + -1)).
1
-5 + 3 + 1 + -1 - 4
-6
0 + -3 + 5 + 2 + 1
5
What is the value of (21 - 18) + (3 - 2)?
4
Evaluate -8 + 3 + 4 - 0.
-1
What is 19 + -23 + 1 + -1 + 0?
-4
0 + 0 + (18 - (11 + 2))
5
Calculate -3 + -3 + -7 + 7.
-6
Evaluate -6 + (-2 - -4) - -4.
0
What is -2 + 5 + -4 + -2?
-3
What is (-6 - -4 - -2) + 0 + 0?
0
Evaluate (1 - -1) + -1 + 2 + -1.
2
-8 - -10 - (-2 + (1 - 1))
4
What is -3 + (-3 - 1 - -6 - -1)?
0
Evaluate -13 - -7 - -11 - 12.
-7
Evaluate 0 + -5 + 5 - (-2 + -3).
5
What is the value of 2 + (-1 - 2) + -2 + -1?
-4
What is 5 + -6 + 9 + -10?
-2
What is (9 - 8) + 4 + (3 - 2)?
6
What is the value of -1 + (4 - (-1 - -3)) - 6?
-5
(1 + 2 - 5) + -6 - -5
-3
What is the value of (9 - 7) + -3 - 3 - -2?
-2
What is (-1 - -8) + (-1 - (6 + -5))?
5
What is the value of -17 + (-1 - -7) + 0 + 2?
-9
What is the value of 9 + (2 + -2 + -2 - 2)?
5
-4 - -6 - ((-3 - -1) + 3)
1
2 + 10 + (-8 - -5) - 6
3
What is the value of -4 + 5 + 1 + -7?
-5
What is 1 - ((0 - 0) + (16 - 22))?
7
What is the value of -5 - (-2 + -4) - 0?
1
Evaluate 6 + -10 + 1 + 3 + 4.
4
What is 1 + 3 - (-1 + 2)?
3
Calculate 37 - 41 - (-11 + 0).
7
What is the value of (23 - 28) + 5 + (-5 - -1)?
-4
What is 3 + 1 - (11 - 3 - 3)?
-1
(-2 - -11) + -50 + 32
-9
Calculate 3 - (-8 - (-17 + 2)).
-4
What is 4 + -7 + 10 + -2 + -5?
0
Evaluate 1 + -1 + -2 - (-9 + 8).
-1
(0 + (0 - 1) - -2) + 4
5
6 + 5 - (2 - -6)
3
Calculate (-6 + -4 - -14) + -2.
2
10 + -4 - -7 - 9
4
Calculate -6 + 5 + -4 + 5.
0
Calculate (2 - (-5 + 6) - -1) + 3.
5
What is the value of 1 - 1 - (5 + 3 + -5)?
-3
-3 + 5 + -9 - -4
-3
21 + (-1 - 5) + -6
9
Evaluate 86 - 92 - (-10 - -2).
2
-3 - (-1 + 1) - (180 + -179)
-4
What is -4 - -3 - -4 - (5 + -2)?
0
Evaluate (-7 - -37) + -10 + -10.
10
What is the value of (-6 - (6 - 9)) + (4 - -3)?
4
Evaluate -8 + 1 + (15 - 4) + -6.
-2
Evaluate 6 + 5 + -6 + -4.
1
What is 3 + (-7 - 0 - 0)?
-4
Evaluate -7 - (-3 + -10 - -1).
5
What is the value of 12 - -2 - 7 - 8?
-1
What is -4 - ((0 - 7) + -2)?
5
What is the value of -2 + (7 - 9 - -3)?
-1
5 + (0 - 5) - -4
4
What is the value of 7 + 0 - (27 - 22)?
2
Evaluate 4 + (-3 - (2 + (8 - 12))).
3
What is the value of -8 - -6 - ((-5 - -4) + 2)?
-3
What is (15 - (-9 + 19)) + 1 + -1?
5
-11 + 13 + -1 + -2 + -6
-7
What is -10 + 0 + -6 + 23?
7
What is 2 + -2 + -4 + 1 + 0?
-3
What is the value of (0 + 10 + -4 - 6) + 1?
1
Evaluate 1 + -14 + (-2 - -1 - -4).
-10
-6 - (0 + -4 + -3)
1
What is 25 - 21 - (2 - 1 - -4)?
-1
Calculate (0 - ((2 - 0) + 0)) + 4.
2
7 - ((-8 - (3 + -8)) + 1)
9
6 + -9 - 11 - -5
-9
Calculate 2 - (-4 - -8) - (2 - 3).
-1
What is the value of (0 - -4) + -7 + 9 + -14?
-8
What is -2 - -3 - (-2 - 0)?
3
What is (-11 - -1) + -15 + 18?
-7
Evaluate 2 - 1 - (52 + -49).
-2
What is 7 + -7 + 7 + -7?
0
Evaluate -3 - (9 + -4 + 2 + -6).
-4
Calculate -53 + 47 + -1 + 12.
5
Calculate (9 - 12) + (7 - 3) + -1.
0
What is -6 + (15 - (9 - 2)) + 8?
10
What is 0 + (0 - -4) + (2 - -3)?
9
Calculate (-1 - 3) + 14 + -8.
2
6 + 1 + -9 + 5
3
What is the value of 2 - (-6 + 6 + 5)?
-3
-21 + 23 - (0 + -5)
7
Calculate 0 + (6 - (4 + -6 - -5)).
3
4 - 1 - (-2 + (-4 - -8))
1
What is 3 + 0 + (-14 - -7)?
-4
Evaluate -5 - (-12 - -5 - 3).
5
Evaluate (1 - (9 + (-5 - -1))) + 5.
1
Evaluate (-10 - (-2 - 0)) + 142 + -136.
-2
Calculate 10 + -2 + (-1 + 4 - 6).
5
What is the value of 8 + (-17 